- 2*f - 6. Calculate q(-3).
-9
Let r(g) = g**2 - 2*g + 2. Calculate r(3).
5
Let z(j) = -j**3 - j**2 - 6. Calculate z(0).
-6
Let b(n) = -n**3 + 5*n**2 + 7*n - 9. Determine b(5).
26
Let w(v) = -v**2 + 2*v - 4. What is w(5)?
-19
Let y(f) = f**3 - 16*f**2 + 15*f + 4. Calculate y(15).
4
Let c(y) = -2*y**2 + 2*y - 2. Determine c(1).
-2
Let r(u) = -u**2 + 27*u + 71. What is r(30)?
-19
Let d(v) = v - 9. Give d(-5).
-14
Let j(v) = -v**3 - 8*v**2 + 11*v + 8. Calculate j(-9).
-10
Let z(n) = -4*n**3 - 3*n**2 + n + 2. Calculate z(-2).
20
Let x(y) = y**3 - 2*y**2 - 7*y - 9. Determine x(-2).
-11
Let q(o) = -o**2 + 12*o - 21. What is q(10)?
-1
Let j(y) = -11*y + 3. Give j(3).
-30
Let l(a) = -a**3 + 48*a**2 + 266*a - 68. Determine l(53).
-15
Let m(g) = -2*g - 14. Give m(-6).
-2
Let m(z) = 76*z - 78. Give m(1).
-2
Let p(t) = 4*t**2 - 2*t + 2. Determine p(1).
4
Let c(v) = -v**2 + 8*v + 18. Calculate c(11).
-15
Let y(t) = -10*t + 3. Give y(-1).
13
Let d(n) = 7*n - 12. What is d(2)?
2
Let y(n) = -2*n**2 + 4*n + 17. Give y(5).
-13
Let g(u) = -3*u - 3. Calculate g(10).
-33
Let f(v) = -v**3 - v**2 + v + 2. Calculate f(-2).
4
Let w(y) = -y**3 + 7*y**2 + 10*y - 12. Calculate w(8).
4
Let t(c) = -c**2 + 14*c - 19. Determine t(12).
5
Let r(a) = -2*a**2 + 30*a - 87. Calculate r(11).
1
Let c(d) = -44*d - 244. Calculate c(-6).
20
Let k(p) = -p**3 + 5*p**2 + p - 7. Determine k(5).
-2
Let w(l) = -3*l**3 + 4*l**2 - 3*l + 1. Give w(2).
-13
Let u(q) = -q**2 - 8*q + 238. What is u(12)?
-2
Let i(k) = -k**2 + 4*k + 82. Determine i(11).
5
Let c(s) = 3*s + 16. Calculate c(-7).
-5
Let d(a) = 4*a + 18. What is d(-8)?
-14
Let f(n) = -n**3 - 2*n**2 + 27*n + 21. Calculate f(-6).
3
Let g(i) = 37*i + 224. Determine g(-6).
2
Let g(f) = -10*f**2 + 2*f + 1. Give g(2).
-35
Let o(a) = -a**3 + 4*a**2 - 13*a + 22. Calculate o(3).
-8
Let t(a) = a**3 + 12*a**2 - 16*a - 33. Determine t(-13).
6
Let d(q) = q**3 + 12*q**2 + 21*q - 9. What is d(-10)?
-19
Let t(w) = -w**2 - 2*w + 5. Give t(10).
-115
Let w(j) = -j**3 + 7*j**2 + 4*j + 8. Calculate w(7).
36
Let t(q) = 9*q**3 + 3*q**2 - 2. Give t(1).
10
Let k(w) = w**3 + 13*w**2 + 12*w - 15. Calculate k(-12).
-15
Let r(v) = -v**3 - 17*v**2 - 33*v - 44. Determine r(-15).
1
Let z(p) = -3*p + 98. What is z(26)?
20
Let r(h) = -h**3 + 7*h**2 - 5*h + 8. What is r(7)?
-27
Let x(d) = d**2 - 16*d - 11. What is x(16)?
-11
Let p(o) = -8*o + 46. Determine p(7).
-10
Let d(i) = i**3 - 7*i**2 - 9*i + 8. Determine d(8).
0
Let j(s) = s**3 - 23*s - 11. Determine j(5).
-1
Let w(r) = r**3 - 9*r**2 + 7*r + 8. Calculate w(8).
0
Let l(x) = x**3 + 6*x**2 - 7*x + 9. What is l(-7)?
9
Let p(q) = 2*q + 16. What is p(-6)?
4
Let l(y) = y**2 - y + 5. Determine l(2).
7
Let h(w) = 6*w - 37. Determine h(12).
35
Let r(c) = c + 3. Give r(-2).
1
Let m(w) = 14*w - 20. What is m(1)?
-6
Let q(n) = -42*n - 202. Give q(-5).
8
Let u(v) = 2*v**3 + 2*v**2 + v - 34. Calculate u(0).
-34
Let y(c) = -c**2 - 44*c + 163. Give y(-47).
22
Let h(b) = -b**3 + 7*b**2 + 4*b - 15. Give h(7).
13
Let r(v) = v**2 + 7*v + 6. Calculate r(-4).
-6
Let u(p) = 6*p**2 + 41*p + 17. Determine u(-6).
-13
Let p(s) = s**3 + 11*s**2 + 2. Determine p(-11).
2
Let y(t) = -t**3 + 5*t**2 - 4*t - 3. What is y(4)?
-3
Let z(d) = -4*d**2 - 3*d - 7. What is z(5)?
-122
Let t(q) = q**3 + 8*q**2 - 17*q + 23. Determine t(-10).
-7
Let j(r) = 6*r + 3. Give j(6).
39
Let n(v) = -33*v + 10. Give n(4).
-122
Let f(l) = l**2 + 5*l + 9. Give f(-3).
3
Let j(k) = -k**3 - 3*k**2 + 40*k + 1. What is j(-8)?
1
Let x(q) = -q**3 - 2*q**2 + q - 10. Give x(-3).
-4
Let n(s) = -s**3 - 8*s**2 + 2*s + 20. What is n(-9)?
83
Let o(p) = p**3 - 8*p**2 - 10*p + 5. Determine o(9).
-4
Let f(a) = -2*a - 5. What is f(0)?
-5
Let t(u) = u**3 - 15*u**2 + 37*u - 13. Calculate t(12).
-1
Let p(h) = -h**2 + 3*h - 6. Give p(4).
-10
Let u(v) = v**2 + v + 5. Determine u(-4).
17
Let b(v) = 45*v - 23. Give b(1).
22
Let x(i) = i**3 + 15*i**2 + 10*i - 20. Determine x(-14).
36
Let o(y) = 2*y**2 - 4*y - 4. Determine o(5).
26
Let l(p) = -p**3 - 3*p**2 + 5*p - 2. What is l(1)?
-1
Let j(w) = 3*w - 4. Give j(3).
5
Let w(f) = 5*f - 2. What is w(9)?
43
Let t(d) = d**2 - 14*d - 18. Calculate t(14).
-18
Let y(i) = -21*i**3 - 4*i**2 + 2*i + 1. Calculate y(1).
-22
Let x(h) = h**3 + 5*h**2 + 8*h + 5. Give x(-4).
-11
Let m(l) = l**2 - 14*l + 10. Give m(11).
-23
Let a(u) = u**3 + 7*u**2 + 9*u. What is a(-6)?
-18
Let n(o) = -20*o + 41. What is n(11)?
-179
Let v(w) = -12*w**2 - 2*w. Calculate v(-2).
-44
Let j(c) = c**3 - 17*c**2 - 18*c + 24. Determine j(18).
24
Let m(q) = -q**2 - q + 3. Determine m(-4).
-9
Let p(b) = 2*b**3 - b**2 + b + 1. Determine p(-2).
-21
Let z(w) = 5*w + 41. Calculate z(-9).
-4
Let l(u) = -5*u + 6. Give l(4).
-14
Let a(g) = -g**2 - 23*g - 29. Determine a(-21).
13
Let j(a) = 5*a + 2. Calculate j(-2).
-8
Let a(v) = -v**3 - 13*v**2 - 44*v - 22. Determine a(-8).
10
Let n(w) = 15*w - 118. Calculate n(9).
17
Let r(c) = -c**3 - 8*c**2 + 9*c + 67. Determine r(-8).
-5
Let k(v) = -3*v - 5. Determine k(-6).
13
Let m(k) = -2*k - 3. Determine m(3).
-9
Let m(p) = -39*p - 2687. Give m(-69).
4
Let l(i) = 3*i**2 + 17*i - 5. Calculate l(-6).
1
Let y(b) = -b**2 + 9*b. Determine y(8).
8
Let b(k) = -13*k. Give b(1).
-13
Let a(x) = x**3 + 12*x**2 - 7*x + 4. Give a(-13).
-74
Let x(p) = p**2 + 5*p - 11. Determine x(-8).
13
Let z(s) = -s**3 - 7*s**2 + 42*s - 16. Determine z(-11).
6
Let l(v) = 259*v + 1034. Determine l(-4).
-2
Let t(f) = f**2 + 26*f - 456. Determine t(12).
0
Let l(k) = 11*k**2 + 8*k + 4. Give l(-1).
7
Let d(q) = 41*q**2 + 2*q + 1. Determine d(-1).
40
Let o(v) = 7*v**2 + 12*v + 38. What is o(-4)?
102
Let s(m) = m + 13. Calculate s(0).
13
Let p(x) = -x**2 + 13*x + 121. Calculate p(-6).
7
Let g(t) = t**3 + t**2 - t. What is g(2)?
10
Let r(k) = 2*k**2 + 176*k + 348. Calculate r(-2).
4
Let q(z) = 351*z - 1407. Give q(4).
-3
Let t(c) = -c**2 + 3*c - 1. What is t(-3)?
-19
Let w(i) = -i**3 - 9*i**2 - 9*i - 13. What is w(-8)?
-5
Let n(h) = 13*h + 53. Give n(-7).
-38
Let j(n) = -3*n + 10. Calculate j(15).
-35
Let i(g) = -8*g**2 + g + 1. Calculate i(-1).
-8
Let g(u) = 6*u - 3. Determine g(1).
3
Let k(a) = 7*a**2 + 190*a + 25. Calculate k(-27).
-2
Let y(o) = -3*o**3 + 4*o**2 - 4*o + 2. Calculate y(1).
-1
Let d(j) = 3*j**2 + 2*j - 3. Give d(-6).
93
Let j(l) = 2*l**2 + 3*l - 117. Calculate j(-9).
18
Let v(d) = d**2 + 14*d - 10. Determine v(-15).
5
Let g(m) = -12*m - 292. Give g(-25).
8
Let i(v) = -v**2 - 4*v - 11. What is i(-4)?
-11
Let b(t) = -t**3 + t**2 + t + 2. What is b(2)?
0
Let j(r) = r**3 + r**2 - 10*r + 7. What is j(1)?
-1
Let r(w) = w**2 + 10*w - 13. Determine r(-11).
-2
Let y(t) = t**3 + 3*t**2 - 6*t - 5. Determine y(-4).
3
Let u(k) = 2*k**3 + 25*k**2 + 6*k - 72. Determine u(-12).
0
Let a(g) = -3*g**2. Determine a(-2).
-12
Let l(h) = -16*h - 127. Calculate l(-8).
1
Let x(g) = -4*g + 8. Determine x(-6).
32
Let o(y) = -y**2 + 4*y - 3. What is o(3)?
0
Let q(n) = -2*n**2 + 4*n + 1. Give q(3).
-5
Let d(x) = -x**3 - 4*x**2 + 5*x - 12. Determine d(-5).
-12
Let b(v) = 41*v**3 - 2*v**2 + 1. Determine b(1).
40
Let b(v) = -v**2 - v + 78. Calculate b(-9).
6
Let h(n) = -n**3 + 4*n**2 - 4*n + 7. Determine h(3).
4
Let b(p) = p**3 + 2*p**2 - 12*p + 8. What is b(-5)?
-7
Let l(d) = -6*d - 2. Calculate l(-2).
10
Let t(i) = -i**3 - 19*i**2 - 16*i + 39. Calculate t(-18).
3
Let b(f) = f**2 + 4*f - 7. Determine b(-6).
5
Let f(g) = g + 12. What is f(0)?
12
Let w(b) = -b + 3. What is w(13)?
-10
Let n(j) = -11*j - 56. Calculate n(-5).
-1
Let r(u) = -3*u**2 + 14*u + 12. What is r(5)?
7
Let f(o) = -o**3 - 11*o**2 + 11*o - 11. Determine f(-12).
1
Let a(h) = -h - 8. Calculate a(-7).
-1
Let s(n) = n**3 + 4*n**2 - 6*n - 7. What is s(-5)?
-2
Let w(g) = g**2 + 23*g + 2. What is w(-23)?
2
Let q(s) = 7*s**2 + s - 4. Calculate q(2).
26
Let k(q) = q**3 + 7*q**2 + 1. Determine k(-7).
1
Let b(d) = -d**2 + 5*d - 8. What is b(5)?
-8
Let i(b) = b + 32. Calculate i(0).
32
Let v(m) = 7*m - 13. Calculate v(5).
22
Let z(d) = -d**2 - 8*d + 29. Determine z(-9).
20
Let i(x) = x**2 + 6*x - 10. What is i(-7)?
-3
Let x(q) = -q - 3. Determine x(-8).
5
Let h(t) = -t**3 + 4*t**2 + 6*t - 10. Give h(4).
14
Let n(y) = y - 4. What is n(-9)?
-13
Let m(t) = -t**3 - 6*t**2 - 4*t + 11. What is m(-5)?
6
Let l(c) = -2*c**2 - 11*c - 10. Calculate l(-5).
-5
L